{"id":1379,"date":"2026-03-04T16:03:47","date_gmt":"2026-03-04T21:03:47","guid":{"rendered":"https:\/\/gnsracing.com\/?page_id=1379"},"modified":"2026-03-04T16:13:37","modified_gmt":"2026-03-04T21:13:37","slug":"2026-resultats","status":"publish","type":"page","link":"https:\/\/gnsracing.com\/?page_id=1379","title":{"rendered":"2026 R\u00e9sultats"},"content":{"rendered":"\n<h2 class=\"wp-block-heading has-text-align-center\" id=\"2026-results\">2026 R\u00e9sultats<\/h2>\n\n\n\n<figure class=\"wp-block-table is-style-stripes\"><table class=\"has-gray-background-color has-background\"><tbody><tr><td class=\"has-text-align-center\" data-align=\"center\"><a href=\"https:\/\/gnsracing.com\/results\/2026\/2026-SPRrs.html\" data-type=\"URL\" data-id=\"https:\/\/gnsracing.com\/results\/2024\/2024-SPRRS.html\" target=\"_blank\" rel=\"noreferrer noopener\">Courses de pratique GNS<\/a><br>12 mai &amp; 14 mai<\/td><\/tr><\/tbody><\/table><\/figure>\n\n\n\n<figure class=\"wp-block-table\"><table class=\"has-fixed-layout\"><tbody><tr><td class=\"has-text-align-center\" data-align=\"center\"><a href=\"https:\/\/gnsracing.com\/results\/2026\/2026-s1rs.html\" data-type=\"URL\" data-id=\"https:\/\/gnsracing.com\/results\/2024\/2024-s1rs.html\"><strong>S\u00e9rie 1 du mardi<\/strong><\/a><strong><br><\/strong>19 mai-30 juillet<\/td><td class=\"has-text-align-center\" data-align=\"center\"><a href=\"https:\/\/gnsracing.com\/results\/2026\/2026-s2rs.html\" data-type=\"URL\" data-id=\"https:\/\/gnsracing.com\/results\/2024\/2024-s2rs.html\"><strong>S\u00e9rie 2 du jeudi<\/strong><\/a><br>21 mai-2 juillet<\/td><\/tr><\/tbody><\/table><\/figure>\n\n\n\n<figure class=\"wp-block-table is-style-stripes\"><table><tbody><tr><td class=\"has-text-align-center\" data-align=\"center\"><\/td><\/tr><\/tbody><\/table><\/figure>\n\n\n\n<figure class=\"wp-block-table\"><table><tbody><tr><td class=\"has-text-align-center\" data-align=\"center\"><a href=\"https:\/\/gnsracing.com\/results\/2026\/2026-PCYC.html\" data-type=\"URL\" data-id=\"https:\/\/gnsracing.com\/results\/2026\/2026-PCYC.html\"><strong>PCYC Annuelle<\/strong><\/a><br>27 juin<\/td><td class=\"has-text-align-center\" data-align=\"center\"><a href=\"https:\/\/gnsracing.com\/results\/2026\/2026-swrs.html\" data-type=\"URL\" data-id=\"https:\/\/gnsracing.com\/results\/2026\/2026-swrs.html\"><strong>SailWeek GNS<\/strong><\/a><br>30 juin 1,2 juillet<\/td><td class=\"has-text-align-center\" data-align=\"center\"><a href=\"https:\/\/gnsracing.com\/results\/2026\/2026-BYC.html\" data-type=\"URL\" data-id=\"https:\/\/gnsracing.com\/results\/2026\/2026-BYC.html\"><strong>BYC Annuelle<\/strong><\/a><br>4 juillet<\/td><\/tr><\/tbody><\/table><\/figure>\n\n\n\n<figure class=\"wp-block-table is-style-stripes\"><table><tbody><tr><td class=\"has-text-align-center\" data-align=\"center\"><\/td><\/tr><\/tbody><\/table><\/figure>\n\n\n\n<figure class=\"wp-block-table\"><table class=\"has-fixed-layout\"><tbody><tr><td class=\"has-text-align-center\" data-align=\"center\"><a href=\"https:\/\/gnsracing.com\/results\/2026\/2026-s3rs.html\" data-type=\"URL\" data-id=\"https:\/\/gnsracing.com\/results\/2026\/2026-s3rs.html\"><strong>S\u00e9rie 3 du mardi<\/strong><\/a><br>30 juin-25 ao\u00fbt<\/td><td class=\"has-text-align-center\" data-align=\"center\"><a href=\"https:\/\/gnsracing.com\/results\/2026\/2026-s4rs.html\" data-type=\"URL\" data-id=\"https:\/\/gnsracing.com\/results\/2026\/2026-s4rs.html\"><strong>S\u00e9rie 4 du jeudi<\/strong><\/a><br>2 juillet-27 ao\u00fbt<\/td><\/tr><\/tbody><\/table><\/figure>\n\n\n\n<figure class=\"wp-block-table is-style-stripes\"><table><tbody><tr><td class=\"has-text-align-center\" data-align=\"center\"><\/td><\/tr><\/tbody><\/table><\/figure>\n\n\n\n<div class=\"wp-block-columns is-layout-flex wp-container-core-columns-is-layout-9d6595d7 wp-block-columns-is-layout-flex\">\n<div class=\"wp-block-column is-layout-flow wp-block-column-is-layout-flow\" style=\"flex-basis:100%\">\n<figure class=\"wp-block-table\"><table><tbody><tr><td class=\"has-text-align-center\" data-align=\"center\"><a href=\"https:\/\/gnsracing.com\/results\/2026\/2026-s5r1.html\" data-type=\"URL\" target=\"_blank\" rel=\"noreferrer noopener\"><\/a><a href=\"https:\/\/gnsracing.com\/results\/2026\/2026-s5rs.html\" data-type=\"URL\" data-id=\"https:\/\/gnsracing.com\/results\/2026\/2026-s4rs.html\"><strong>Fall S\u00e9rie 5<\/strong><\/a><br>Dimanche 30 aout, Lundi 7 septembre, dimanches 13 et 20 septembre<\/td><\/tr><\/tbody><\/table><\/figure>\n<\/div>\n<\/div>\n\n\n\n<figure class=\"wp-block-table is-style-stripes\"><table><tbody><tr><td class=\"has-text-align-center\" data-align=\"center\"><\/td><\/tr><\/tbody><\/table><\/figure>\n\n\n\n<figure class=\"wp-block-table\"><table class=\"has-fixed-layout\"><tbody><tr><td class=\"has-text-align-center\" data-align=\"center\"><a href=\"https:\/\/gnsracing.com\/results\/2026\/2026-GNSFROSTBITErs.html\"><strong>GNS Frostbite du dimanche<\/strong><\/a><br>27 septembre-4 octobre<\/td><td class=\"has-text-align-center\" data-align=\"center\"><a href=\"https:\/\/gnsracing.com\/results\/2026\/2026-FROSTBITErs.html\"><strong>Frostbite du dimanche<\/strong><\/a><br>27 septembre-18 octobre<\/td><\/tr><\/tbody><\/table><\/figure>\n\n\n\n<p><\/p>\n","protected":false},"excerpt":{"rendered":"<p>2026 R\u00e9sultats Courses de pratique GNS12 mai &amp; 14 mai S\u00e9rie 1 du mardi19 mai-30 juillet S\u00e9rie 2 du jeudi21 mai-2 juillet PCYC Annuelle27 juin SailWeek GNS30 juin 1,2 juillet BYC Annuelle4 juillet S\u00e9rie 3 du mardi30 juin-25 ao\u00fbt S\u00e9rie 4 du jeudi2 juillet-27 ao\u00fbt Fall S\u00e9rie 5Dimanche 30 aout, Lundi 7 septembre, dimanches 13&hellip; <a class=\"more-link\" href=\"https:\/\/gnsracing.com\/?page_id=1379\">Continue reading <span class=\"screen-reader-text\">2026 R\u00e9sultats<\/span><\/a><\/p>\n","protected":false},"author":5,"featured_media":0,"parent":0,"menu_order":0,"comment_status":"closed","ping_status":"closed","template":"","meta":{"footnotes":""},"class_list":["post-1379","page","type-page","status-publish","hentry","entry"],"_links":{"self":[{"href":"https:\/\/gnsracing.com\/index.php?rest_route=\/wp\/v2\/pages\/1379","targetHints":{"allow":["GET"]}}],"collection":[{"href":"https:\/\/gnsracing.com\/index.php?rest_route=\/wp\/v2\/pages"}],"about":[{"href":"https:\/\/gnsracing.com\/index.php?rest_route=\/wp\/v2\/types\/page"}],"author":[{"embeddable":true,"href":"https:\/\/gnsracing.com\/index.php?rest_route=\/wp\/v2\/users\/5"}],"replies":[{"embeddable":true,"href":"https:\/\/gnsracing.com\/index.php?rest_route=%2Fwp%2Fv2%2Fcomments&post=1379"}],"version-history":[{"count":5,"href":"https:\/\/gnsracing.com\/index.php?rest_route=\/wp\/v2\/pages\/1379\/revisions"}],"predecessor-version":[{"id":1388,"href":"https:\/\/gnsracing.com\/index.php?rest_route=\/wp\/v2\/pages\/1379\/revisions\/1388"}],"wp:attachment":[{"href":"https:\/\/gnsracing.com\/index.php?rest_route=%2Fwp%2Fv2%2Fmedia&parent=1379"}],"curies":[{"name":"wp","href":"https:\/\/api.w.org\/{rel}","templated":true}]}}